5)/(-11) + (-1 - -1) - 4. Let h(p) = -15*p**2 - 1. Give h(d).
-16
Let i(z) be the first derivative of -z**4/4 + 2*z**3/3 + z**2/2 + 114. Give i(-1).
2
Let o = -17 + 33. Let n = 16 - o. Let d(u) = 0 + u**3 + n + 6*u**3 + u. Give d(1).
8
Suppose -n - 6 = g + 3*g, 3*n + 5*g = 3. Suppose -w = -n*w - 30. Let c(a) = 47 + 0*a + 7*a**2 + 2 - 56 + 4*a + a**3. Determine c(w).
5
Let t(j) = 2*j**2 + 13 + 20*j - 13*j - j**2 - 1 - 16*j. Calculate t(9).
12
Let c be (-88)/(-20) - (-4)/(-10). Let k(o) = 2*o - c*o - 1 - 2*o - o. Give k(-2).
9
Let q(t) be the second derivative of -3*t + 1/4*t**4 + 0 + 11/6*t**3 + 2*t**2. Let l(i) = -i**2 - i - 1. Let d(c) = -6*l(c) - q(c). Calculate d(3).
14
Let x(o) be the second derivative of 4*o**3/3 - 7*o**2 - 4*o - 41. Give x(2).
2
Let f(w) = 7*w**2 - w - 12. Let v(a) = -8*a**2 + 12. Let y(t) = -7*f(t) - 6*v(t). Let k be y(9). Let r(b) = b + 0*b + 5 + b. Determine r(k).
-7
Let o(g) be the second derivative of -g**3/6 - 6*g**2 + 3*g - 21. Give o(-13).
1
Let g(o) = -2*o**3 - 6*o**2 + 2*o + 3. Suppose 19*p = 15*p + 12. Let n(w) = 3*w**3 + 11*w**2 - 4*w - 6. Let x(t) = p*n(t) + 5*g(t). Determine x(3).
-9
Let t(w) = 6*w**2 - 6*w + 3. Let s(u) = 13*u**2 - 13*u + 6. Let y(x) = -2*s(x) + 5*t(x). Let l = 377 + -374. Determine y(l).
27
Let z(w) = 14*w**2 + 1. Suppose -126 = 5*l - 3*c, 3*c = l - 2*c + 34. Let g = l + 23. Calculate z(g).
15
Let w(h) = 5*h**2 - 3*h**3 + 21 + 4*h**2 - 7 + 4*h**3 - 12*h + 0*h**3. Determine w(-10).
34
Let o be (-1)/((-4)/36) - 3. Let y(n) be the first derivative of -6*n + n - 4*n**2 + 4*n + o. Calculate y(1).
-9
Let g(n) be the third derivative of 3*n**5/10 - n**4/24 - n**3/6 + 3*n**2 - n. Give g(-1).
18
Let w(a) be the second derivative of -a**3/6 + 11*a**2/2 - 38*a. Suppose -42*r + 37*r = -25. Calculate w(r).
6
Let u(g) = -14*g - 14*g - 6*g + 43*g. Determine u(-3).
-27
Let i(k) = 4*k - 4. Let s(m) = -m**3 + 10*m**2 - 10*m + 17. Let a be s(9). Let c be a + (-2 - 1 - 2). Determine i(c).
8
Let b(z) = 387*z**3 - 1. Let f be b(1). Let i be f/12 - 2/12. Suppose -4*j - 3*l + 1 = -0*l, -4*l = -3*j + i. Let x(d) = -d**3 + 4*d**2 + 2*d - 5. Give x(j).
3
Let k(s) be the second derivative of s**5/20 - 5*s**4/12 + s**3/3 - 3*s**2 + 311*s. Give k(5).
4
Let h(z) = 5 + 3*z**3 - 3 + 0*z**3 - z + 6*z**2 - 2*z**2 - 5*z**2. Give h(1).
3
Let f(z) = 2*z + 16. Let j(c) = 3*c + 30. Let b(n) = 5*f(n) - 3*j(n). Determine b(16).
6
Let s(a) be the first derivative of -3*a + 1/2*a**2 + 14. Calculate s(5).
2
Let a(m) = 20*m + 20. Let l(j) = 51*j + 39. Let k(v) = -5*a(v) + 2*l(v). Calculate k(9).
-4
Let v(w) be the second derivative of -w**4/12 - 13*w**3/6 + 9*w**2/2 - 2*w + 20. Calculate v(-13).
9
Let n(b) = -5*b**3 - b**2 + 7*b. Let u(t) = 4*t**3 - 6*t. Let a(y) = 3*n(y) + 4*u(y). Let g(v) = 2*v**3 - 9*v**2 - 11*v + 34. Let z be g(5). Give a(z).
4
Let d be 1/(-1) - 4/2. Let b(g) be the first derivative of -g**3/6 + g**2/2 - 27*g + 8. Let w(x) be the first derivative of b(x). Determine w(d).
4
Let s(m) = m - 9. Suppose -4*z = 3*y - 37, -22 + 3 = -3*z - 4*y. Calculate s(z).
4
Suppose b = 5*k - 17, 0 = -4*b + 2*k - 11 - 3. Let d be 2/(6 - 2) + 9/b. Let q(n) = -n - 4. Let u(v) = -v - 4. Let s(z) = 5*q(z) - 6*u(z). Determine s(d).
0
Let z(b) be the second derivative of -b**5/20 + b**4/2 - b**3/2 - b**2 - 23*b + 8. Give z(4).
18
Let p(o) = o. Let g be 62/10 - 5/25. Let q(c) = -c**3 + 6*c**2 + c - 7. Let n be q(g). What is p(n)?
-1
Let x(w) = -7*w + 2. Suppose 0 = 2*o - 28. Let p = o + -16. Give x(p).
16
Let y(v) be the third derivative of -v**5/60 - v**4/2 + v**3 - 77*v**2. What is y(-12)?
6
Suppose 2*k + 2*b - 3 = 3*k, 2 = b. Let i(v) = v**2 - k + 3*v + v + 3 + v. Determine i(-5).
2
Let a be -1 - (3 + -6)*4/6. Let x(t) = -20*t**3 - t**2 + 1. Give x(a).
-20
Suppose 3*k + 10 = 1. Let i be k/(-2)*80/(-24). Let u(z) = 2*z + 2. Give u(i).
-8
Let t(r) be the second derivative of r**6/360 - r**4/2 - r. Let x(w) be the third derivative of t(w). Suppose 0 = 5*i - 5. Determine x(i).
2
Let a(g) = g. Let j be 0 - (5 - (5 - 3))/(-1). What is a(j)?
3
Let d(z) = -2*z**3 - z**2 + z**3 + 5*z + 0*z - 4*z - 11 + 0*z**3. Determine d(0).
-11
Let y(z) = -290*z - 10. Let a(f) = 26*f + 1. Let j(t) = -45*a(t) - 4*y(t). Calculate j(5).
-55
Let z = -45 + 75. Suppose -5*x - 4*m + z = m, 4 = -4*m. Let s(j) = j**3 - 7*j**2 - 3*j. Give s(x).
-21
Let x = 28 - 14. Suppose -3*r - x + 11 = 0. Let k(i) = 13*i**2 - 3*i + 5. Let q(y) = 7*y**2 - 2*y + 3. Let f(h) = -3*k(h) + 5*q(h). Calculate f(r).
-3
Let v be (0/(-2))/(-1)*(-3)/6. Let t(y) = -y**2 - 5 + y**2 - 2*y + y + y**2. What is t(v)?
-5
Suppose -5 = 3*t - 5*i, -t - 3*i - i + 4 = 0. Let c(d) = 4 + d - 3 + t*d. Determine c(-6).
-5
Suppose j = -3*j - 16. Let v(p) be the third derivative of -p**5/60 - p**4/6 + p**3/2 + 3*p**2 + 42*p. Calculate v(j).
3
Suppose 3*r = -l - 13, 0 = 5*l + r + r. Suppose -2*i + l = 6. Let s(d) = d**3 - d**2 - 2*d - 2. What is s(i)?
-10
Suppose 0 = 3*t - t - 6. Let f(j) = -5*j - 6*j**3 + 6*j + 1 + 5*j**t - j**2 + 0*j. Calculate f(-2).
3
Let a(y) = y**3 - 3*y**2 + 6*y + 9. Let m(i) = -6*i**3 + 15*i**2 - 29*i - 46. Let n(v) = 11*a(v) + 2*m(v). Let j = 67 - 72. Calculate n(j).
17
Let w(x) = x**2 - 6*x - 11. Let u(b) = b**3 - b**2 - b + 8. Let p be u(0). Calculate w(p).
5
Let x(h) be the first derivative of h**3/3 + 13*h**2/2 + 4*h - 142. Determine x(-5).
-36
Let u(j) be the first derivative of 3/2*j**2 + 2 - j. Calculate u(-1).
-4
Let q = -31 - -34. Suppose -2*t = -0*t - 3*n - 21, 21 = q*t - n. Let m(v) = -v**3 + 5*v**2 + 6*v - 2. Determine m(t).
-2
Let g(l) be the third derivative of 3/8*l**4 + 36*l**2 + 0 - 1/3*l**3 + 1/60*l**5 + 0*l. Calculate g(-9).
-2
Let r(c) = c**3 - 2*c**3 - 2*c + 5*c**2 - 1 - 2*c. Suppose -10*o + 32 = -478. Let b = o - 48. Calculate r(b).
5
Suppose 7*i - 6*i = g - 5, i = 4*g - 11. Let p(d) = 24*d + 9*d**g - 9 - 17*d + d**3 - 7*d. What is p(-9)?
-9
Let j be (-18)/(-27) - 1*418/6. Let n = -67 - j. Let s(z) = 6*z + 1. Calculate s(n).
13
Let n be (-2)/6 + 3/9. Let i(k) = -k**2 - 5*k + 5. Let s be i(-5). Suppose n*g + 10 = -5*u + 4*g, -s*u - 50 = 4*g. Let w(x) = 2*x + 7. Calculate w(u).
-5
Let y(z) be the third derivative of -1/3*z**3 + 0*z**4 - 1/60*z**5 - 17*z**2 + 0*z + 0. Determine y(3).
-11
Let m(c) = 16*c**2 + 0 - 9*c**2 - 3 - c - 8*c**2. Determine m(0).
-3
Suppose -3*q + 5*z - 3 = -4, 2*z = 2. Let w(v) = -5*v + 42. Let i be w(8). Let y(c) = 8*c - c + q*c**2 - 1 - 4 - 3*c**i. What is y(7)?
-5
Let y(m) = m - 2. Suppose 41 - 43 = x. What is y(x)?
-4
Let h(w) = w + 12. Suppose 4*y + 15 = y, -5*y = 3*c + 10. Let q be -4 + 6/c*(-5)/2. What is h(q)?
5
Let x(y) be the third derivative of y**6/120 + 2*y**5/15 + y**4/8 - 11*y**3/6 - 149*y**2. Determine x(-8).
-35
Let q(l) = l**3 + 6*l**2 + 6*l + 2. Let m(i) = 6*i**2 + 3*i**3 - i**3 - 2*i - 3*i**3 + 7. Let n be m(6). Determine q(n).
-3
Let c = 638 + -1913/3. Let v(j) be the third derivative of c*j**3 + 1/4*j**4 + 0*j + 1/120*j**6 + 0 + 5*j**2 + 1/12*j**5. Give v(-4).
-6
Let q(o) = -o**3 - 8*o**2 + 10*o + 17. Let l be q(-9). Let r(p) = p**2 - 5*p - 9. What is r(l)?
15
Let p(s) = 7*s - 48. Let y be (-3)/6 + 114*(-13)/(-156). What is p(y)?
15
Let v(s) be the third derivative of s**5/60 + s**4/4 - 5*s**3/3 + 136*s**2 - s. What is v(-8)?
6
Let q(x) = -2*x - 1. Suppose -p - 242 = -12*p. Let t = -19 + p. Give q(t).
-7
Let r(u) = -5*u - 2. Suppose 35*d = 25*d - 80. What is r(d)?
38
Let g(r) = -r**3 - 6*r**2 + 7*r + 4. Let i(m) = m + 26. Let x be i(-28). Let d(q) = -q**3 - 4*q**2 - 3*q - 5. Let o be d(x). Calculate g(o).
4
Let u(q) = 4*q - 1. Let n = -31 - -30. Let l be (-1 + n)/(-6)*6. Give u(l).
7
Let p = 1443 - 1446. Let s(n) = -n**3 - 3*n**2 + 4*n + 9. Determine s(p).
-3
Let i(p) = p + 7. Let b = 27 - 32. Calculate i(b).
2
Let u(i) = i**3 + 3*i**2 - 5*i + 3. Let a be u(-4). Let n(b) be the first derivative of -b**2/2 - 5*b + 2. What is n(a)?
-12
Let p(j) = -2*j**2 + 27*j - 25. Let c(v) = 22*v**2 + 127*v - 18. Let m be c(-6). Calculate p(m).
11
Let f be 6/(-3) + 34 - 2. Let d be (16/10)/((-6)/f). Let g = d - -12. Let j(n) = n**2 - 6*n + 1. Determine j(g).
-7
Let l(w) be the first derivative of -w**4/4 - 3*w**3 - 9*w**2/2 - 7*w + 34. Calculate l(-8).
1
Let j = 9 - 15. Let s(a) = -11*a - 20*a - 3 + 4 - 21*a + 54*a. Calculate s(j).
-11
